c be b(5). Suppose -2*x = -14*x + c. Let y be 12/(-3) + 5 - x. Give m(y).
14
Let m be (-52 + 3250/52)/(-3*2/4). Let k(f) be the second derivative of -f**3/6 - 3*f**2/2 + f. Determine k(m).
4
Suppose -3*m - m = -8. Suppose -5*q - m*d + 1 = 15, 4*d = -2*q - 12. Let h(f) = 5*f**3 - 4*f**3 + 3*f**2 - 2 - 2*f**2. Determine h(q).
-6
Let h(o) = o**2 + 3*o + 3. Let z(w) = w**3 + 12*w**2 + w + 17. Let j be z(-12). Suppose j*m = 56 - 261. Let u = m + 39. Give h(u).
1
Let b(c) = 2*c**2 - 8*c - 46. Suppose 2*v = 21 - 41 + 38. Determine b(v).
44
Suppose 0 = 3*y - 3*k - 21, -76*y + 15 = -73*y - k. Let a(w) be the third derivative of -1/6*w**3 + 27*w**2 + 0 + 1/12*w**y + 0*w. Determine a(7).
13
Let y(u) be the first derivative of -u**4/4 - 4*u**3 - 10*u**2 + 3*u + 1641. Give y(-10).
3
Let k(g) = -626*g + 5004. Let j be k(8). Let c(s) = s + 5*s + 4*s + 0*s. Determine c(j).
-40
Let m = 881 - 875. Let p(y) = -y**2 + 8*y - 32. What is p(m)?
-20
Let m(h) = 10*h**2 + 186*h - 121. Let l(x) = -6*x**2 - 114*x + 73. Let w(y) = -18*l(y) - 11*m(y). Give w(8).
-63
Let v be (-105)/(-385) + (-90)/(-33). Let j(c) = c**2 + 4*c + 17. Let s(w) = w**2 + 6*w + 25. Let x(o) = -7*j(o) + 5*s(o). What is x(v)?
-6
Let r(k) be the second derivative of -k**3/3 - k**2 - 4*k - 105. Suppose 4*v = 5*a + 5, 7*a = 3*v + 3*a - 3. Calculate r(v).
-12
Let f(h) = -13*h**2 + 66*h + 12. Let w(j) = 40*j**2 - 203*j - 46. Let a(i) = -7*f(i) - 2*w(i). Give a(5).
3
Let o = 294542 + -294543. Let v(d) = -8*d**3 - 6*d**2 - 4*d - 5. Let n(m) = m**3 + m**2 + m + 1. Let s(z) = 6*n(z) + v(z). Give s(o).
1
Let o(f) be the third derivative of -f**4/24 + 10*f**3/3 + 350*f**2 + 2. What is o(10)?
10
Suppose 52 = 12*z - 7*z - 2*t, -2*t = -2*z + 22. Let y(g) = g - 18. What is y(z)?
-8
Let z = -284 + 284. Let k(v) = 2*v**3 - 5*v**2 - 5*v + 39. Let y(m) = m**3 - 3*m**2 - 3*m + 19. Let j(a) = -3*k(a) + 5*y(a). What is j(z)?
-22
Let g(b) = -8*b**2 + b**2 - 4*b - 223*b**3 + 227*b**3 + 8. Let z(i) = 5*i**3 - 7*i**2 - 5*i + 8. Let x(h) = 4*g(h) - 3*z(h). What is x(7)?
1
Let l = 57 + -22. Let j = 38 - l. Let f(m) be the first derivative of m**4/4 - 4*m**3/3 + m**2 - 3*m + 11. Determine f(j).
-6
Let f(u) = -6*u**2 + 35*u + 3. Let o = -5234 + 5240. Give f(o).
-3
Let j(u) = -4*u**3 + 6*u**2 + 9*u - 12. Suppose -2 = -6*s + 10. Let i(r) = -9 + 44 + 11*r**3 - 4*r - 18*r**s - 23*r. Let p(d) = -3*i(d) - 8*j(d). What is p(7)?
5
Let r be 8/10 - 9180/225. Let v(q) = -q**2 + 14*q - 4. Let m be v(6). Let u = m + r. Let t(h) = h**3 - 3*h**2 - 3*h + 6. Determine t(u).
10
Let i(o) = 2*o + 1. Suppose 4*m = 3*u + 1071, -3*m + 805 = 2*u - 6*u. Suppose 18 + m = -3*z. Let c = 91 + z. Calculate i(c).
-7
Let i(y) = y + 4*y + 6*y - 3*y**2 - 22*y + 2*y**2 - 15. Let h = -2 - 6. Determine i(h).
9
Suppose -s - 4 = 0, 5*s + 0*s + 55 = 5*l. Let b(h) = -2 + h**3 - 2 - 11*h - l*h**2 + 3 + 17*h. Determine b(6).
-1
Suppose u + 154 = 12*u. Suppose -18*q = -u*q - 16. Let p(t) be the second derivative of -t**4/6 + t**3 - 3*t**2/2 - 9*t. Determine p(q).
-11
Let n be (((-66)/(-10))/11)/(2/30). Suppose -83*o = -81*o - 20. Suppose o*j = n*j + 2. Let c(q) = -9*q**2 + 2*q + 2. Give c(j).
-30
Let h(f) be the first derivative of -f**4/4 - 13*f**3/3 - 15*f**2/2 - 39*f + 46. Let i be h(-12). Let s(n) = 2*n**2 + 3*n - 3. Give s(i).
6
Let g(n) = -3*n**3 - 32*n**2 + 17*n + 56. Let w be g(-11). Let f(z) = 3*z - 3. Determine f(w).
-33
Let m = 68 + 179. Let a = -247 + m. Let j(y) = -y**3 + y**2 - 16. What is j(a)?
-16
Let r(h) = -2*h - 11 + 10 + 0*h - 5*h. Let f(a) = 13*a + 55. Let l be f(-4). What is r(l)?
-22
Let p(v) = -v**2 - 4*v + 37. Let r(m) = 2*m**2 + 16*m + 23. Let f be r(-3). What is p(f)?
16
Let k = -12 + 7. Let d(y) = -2*y**3 - 5*y**2 + 326*y - 5. Let t(w) = -w**3 - 2*w**2 + 187*w - 3. Let m(x) = 4*d(x) - 7*t(x). Determine m(k).
1
Suppose -4167 = -390*q + 1683. Let f(i) = -i**2 + 6*i + 154. What is f(q)?
19
Suppose 4*z = -2*q, 7*q - 2*q - 3*q = 0. Let f(r) = -6 + 2*r + 7 + 14 + z*r - r. Determine f(-8).
7
Let r(h) be the second derivative of -h**4/3 + 2*h**3/3 - 2*h**2 + 2*h + 1. Let i(p) = -5*p**2 + 4*p - 3. Let j(y) = 3*i(y) - 4*r(y). Calculate j(5).
12
Let s = 447 + -450. Let v(q) = 3*q + 8. Give v(s).
-1
Let z be 2*((-18)/(-24))/(9/(-6)). Let i be z/(-26)*-4 + (-228)/39. Let a(w) be the second derivative of -w**3/6 + 5*w**2/2 - 195*w. What is a(i)?
11
Let b(q) = q**3 + 2*q**2 - 50*q + 17. Let y be b(6). Let o(x) = 59*x - 32*x - 29*x. Calculate o(y).
-10
Let v(z) = -5*z - 4. Suppose 172*p = 171*p - 9. Let f(u) be the first derivative of -11*u**2/2 - 7*u + 1. Let q(i) = p*v(i) + 4*f(i). Give q(-7).
1
Let c(g) = g**2 + 4*g - 70. Let x be c(7). Let d(k) = 5 - 28*k + 5*k + 9*k - k**3 + x*k**2 + 8*k. What is d(6)?
5
Let r(t) = t**3 + 6*t**2 - 9*t + 24. Let l be (25 + (-187)/11)*-1. Determine r(l).
-32
Let d(z) = z**3 - 8*z**2 + 8*z - 1. Let h be (102/(-255) + 9/60)/(2/(-48)). Calculate d(h).
-25
Let o(m) = -6*m + 62. Suppose -5*a - j + 65 = 0, -80*a + 77*a + 21 = -3*j. Determine o(a).
-10
Let v(p) = -2*p - 1. Suppose 183*y + 33 = 187*y + q, -3*y + 3*q = -6. Suppose 17 = -2*u + 53. Suppose u = 5*a + b, y*a - 3*a = 4*b + 24. Determine v(a).
-9
Let k = -6971 - -6973. Let z(u) = u**2 - u. Let n(y) = -5*y**2 + 6*y - 1. Let x(o) = -n(o) - 6*z(o). Determine x(k).
-3
Let n(c) = -4*c + 25. Let f be n(5). Suppose 5*j + 20 = -f*j. Let m(i) = i**3 + i**2 - i + 5. Let p(k) = k - 4. Let l(r) = 2*m(r) + 3*p(r). Give l(j).
-12
Suppose 3*a - y - 34 = 0, 0 = -6*a + 7*a - 3*y - 14. Suppose -5*x + t - 21 = a, -4*x = 4*t + 40. Let r(s) = -s**2 - 8*s - 2. Calculate r(x).
5
Let p(n) = -n**3 + 6*n**2 + 16*n - 11. Let b(g) = -6*g**2 - g + 2. Let o(k) = b(k) + p(k). Determine o(-4).
-5
Let h(t) = 2*t**2 - 39*t - 83. Let z = -13090 - -13088. Determine h(z).
3
Let f(a) = -1358 + 470 + 467 + a + 450. Determine f(-18).
11
Let x(c) = 7*c**2 + c. Let g(b) = 20*b**2 - 8*b - 29. Let a(m) = g(m) - 3*x(m). Give a(-5).
1
Let f = -26635 + 26642. Let i(r) be the first derivative of 1/3*r**3 + 1/2*r**2 + f + r. What is i(-3)?
7
Let l(a) = -a**3 - a**2 - 4*a + 1. Let x(y) = 5*y**2 - 90*y - 578. Let q be x(23). What is l(q)?
31
Let t(b) = 5*b + 118. Let f = -6927 - -6911. Give t(f).
38
Let z(s) = s**2 - 29*s + 48. Suppose -86 = d - 91, -3*d + 42 = t. Let p be z(t). Let h(w) = w**3 + 7*w**2 + 5*w - 8. Give h(p).
-2
Let s(f) = 797404 + 11*f - 2*f - 797444. Determine s(-9).
-121
Let l(m) = 15*m + 852. Let g = -35088 - -35031. Give l(g).
-3
Let s(i) = -i**3 - 8*i**2 - 7*i + 2. Suppose -5*x = -2 + 12, -3*c + 14 = -4*x. Suppose 20 - 5 = 3*o, -3*j + c*o - 31 = 0. Determine s(j).
2
Let n(p) = -2*p - 1167*p**2 - 1198*p**2 + 2364*p**2. Let l(h) = -h - 7. Let b be l(-6). Give n(b).
1
Let s(x) = -15*x + 5. Let c = 5927 + -5921. What is s(c)?
-85
Let i(x) = -x**3 - 2*x**2 + 3*x - 2. Let s(c) = -c + 21. Let y(q) = 2*q**2 + 3*q + 7. Let b be y(-3). Let v be s(b). Let w be 3/2*(-7 + v). Determine i(w).
-2
Let u be 83/830 - 18/(-20). Let q(a) = -11*a + 20. Calculate q(u).
9
Let k(j) = -10*j - 86. Let n(b) = 86*b + 3088. Let y be n(-36). Calculate k(y).
-6
Let q(n) = n**3 - 2*n**2 - 3*n - 2. Suppose -16*v + 13*v + 129 = 0. Suppose -14*i = -13 - v. Give q(i).
18
Let j(b) = -b**2 - 31*b + 1. Suppose -124*f - 826 - 2287 = 855. Determine j(f).
-31
Let a(q) be the first derivative of -q**2/2 + 22*q - 1. Let b(x) = -x**2 + 4*x + 13003. Let c be b(116). What is a(c)?
11
Let j be 5 + -1 + (-12 - (-27 + 14)). Let t(n) = 2*n**2 - n**2 + n + 5 + 0*n - 4*n. Give t(j).
15
Let q be ((-30)/8)/(10/((-200)/15)). Let n(a) = 2*a - 14 - 1 + q. Suppose -24 = -5*b + 21. What is n(b)?
8
Let s(u) be the second derivative of u**3/6 - 5*u**2/2 - u + 2. Let b = 186 + -192. Give s(b).
-11
Let w be (8/3)/(18/27). Let l be -3*((-20)/12)/5. Let i(n) = -l + 8*n - 8*n**2 - 10 + 6 + n**3 + w. Determine i(7).
6
Let h(u) be the first derivative of 5*u**3/3 + 3*u**2/2 + 8*u - 2332. Calculate h(-2).
22
Let q(a) = -2*a**2 + 3 + 519*a**3 - 1260*a**3 + 3*a**2 + 737*a**3 + 4*a. Let o(m) = m**2 - 4*m - 7. Let z be o(5). Determine q(z).
31
Let w(o) be the second derivative of -o**4/6 - o**3/2 - 2*o**2 - o + 767. Give w(-5).
-39
Let r(g) = 23*g**2 - 238. Let h(p) = 4*p**2 - 42. Let c(l) = 34*h(l) - 6*r(l). Give c(-3).
-18
Suppose 5*z - 6227 = -2327. Let c(o) = -o*